{"id":3246,"date":"2021-09-21T14:01:17","date_gmt":"2021-09-21T12:01:17","guid":{"rendered":"http:\/\/ascamelot.es\/?page_id=3246"},"modified":"2022-09-05T11:29:56","modified_gmt":"2022-09-05T09:29:56","slug":"inicio-2","status":"publish","type":"page","link":"http:\/\/ascamelot.es\/index.php\/inicio-2\/","title":{"rendered":""},"content":{"rendered":"\n<div class=\"wp-block-cover is-light\" style=\"min-height:404px\"><span aria-hidden=\"true\" class=\"wp-block-cover__gradient-background has-background-dim\"><\/span><img loading=\"lazy\" width=\"1500\" height=\"2000\" class=\"wp-block-cover__image-background wp-image-3498\" alt=\"\" src=\"http:\/\/ascamelot.es\/wp-content\/uploads\/2021\/11\/WhatsApp-Image-2021-11-07-at-17.55.50.jpeg\" data-object-fit=\"cover\" srcset=\"http:\/\/ascamelot.es\/wp-content\/uploads\/2021\/11\/WhatsApp-Image-2021-11-07-at-17.55.50.jpeg 1500w, http:\/\/ascamelot.es\/wp-content\/uploads\/2021\/11\/WhatsApp-Image-2021-11-07-at-17.55.50-225x300.jpeg 225w, http:\/\/ascamelot.es\/wp-content\/uploads\/2021\/11\/WhatsApp-Image-2021-11-07-at-17.55.50-768x1024.jpeg 768w, http:\/\/ascamelot.es\/wp-content\/uploads\/2021\/11\/WhatsApp-Image-2021-11-07-at-17.55.50-773x1030.jpeg 773w, http:\/\/ascamelot.es\/wp-content\/uploads\/2021\/11\/WhatsApp-Image-2021-11-07-at-17.55.50-1125x1500.jpeg 1125w, http:\/\/ascamelot.es\/wp-content\/uploads\/2021\/11\/WhatsApp-Image-2021-11-07-at-17.55.50-529x705.jpeg 529w, http:\/\/ascamelot.es\/wp-content\/uploads\/2021\/11\/WhatsApp-Image-2021-11-07-at-17.55.50-450x600.jpeg 450w\" sizes=\"(max-width: 1500px) 100vw, 1500px\" \/><div class=\"wp-block-cover__inner-container\">\n<hr class=\"wp-block-separator has-text-color has-background has-white-background-color has-white-color is-style-wide\"\/>\n\n\n\n<h1 class=\"has-text-align-center\"><strong><mark style=\"background-color:rgba(0, 0, 0, 0)\" class=\"has-inline-color has-white-color\">Grupo Scout Camelot<\/mark><\/strong><\/h1>\n\n\n\n<hr class=\"wp-block-separator has-text-color has-background has-white-background-color has-white-color is-style-wide\"\/>\n<\/div><\/div>\n\n\n\n<div style=\"height:25px\" aria-hidden=\"true\" class=\"wp-block-spacer\"><\/div>\n\n\n\n<hr class=\"wp-block-separator has-text-color has-background is-style-wide\" style=\"background-color:#bd682c;color:#bd682c\"\/>\n\n\n\n<div style=\"height:25px\" aria-hidden=\"true\" class=\"wp-block-spacer\"><\/div>\n\n\n\n<h1><em>\u00bfQui\u00e9nes somos?<\/em><\/h1>\n\n\n<div class=\"izq\">\n<h3><strong>Somos una\u00a0<span style=\"color: #ff9900;\">Asociaci\u00f3n Scout<\/span> cuya principal finalidad es <span style=\"color: #ff9900;\">educar en el tiempo libre<\/span>. Nacemos para desarrollar nuestras actividades en el municipio de Pozuelo de Alarc\u00f3n reuni\u00e9ndose<span style=\"color: #ff9900;\"> los s\u00e1bados por la tarde<\/span>, y organizando adem\u00e1s otra serie de actividades en otros horarios y lugares, como <span style=\"color: #ff9900;\">campamentos, salidas y\/o acampadas de fin de semana<\/span>, etc.<\/strong><\/h3>\n<h3>\u00a0<\/h3>\n<h3><strong>El escultismo es una filosof\u00eda de vida en la que se ense\u00f1a el respeto por la naturaleza, la tolerancia, la igualdad, el compa\u00f1erismo, la actividad f\u00edsica y la capacidad de superar adversidades e incomodidades.<\/strong><\/h3>\n<h3>\u00a0<\/h3>\n<h3><strong>La metodolog\u00eda scout se basa en la educaci\u00f3n en unos valores y en el compromiso con ellos. Se adapta a las distintas edades de los educandos aunque la esencia es la misma en todas.<\/strong><\/h3>\n<\/div>\n<div class=\"completo\">\n<h3>\u00a0<\/h3>\n<h3><strong>La propuesta educativa expresa el ideal de persona a que se aspira a trav\u00e9s de todo el proceso formativo.<span style=\"color: #ff9900;\">\u00a0<i>Una persona\u2026<\/i><\/span><\/strong><\/h3>\n<h3>\u00a0<\/h3>\n<h3 style=\"text-align: center;\"><strong><i>\u2026 comprometida con su escala de valores y que da testimonio de ellos.<br \/>\u2026 comprometida con la sociedad y respetuosa con las dem\u00e1s culturas<br \/>\u2026 libre y responsable, capaz de tomar decisiones \u00e9ticas.<br \/>\u2026 con capacidad de reflexi\u00f3n e interiorizar.<br \/>\u2026 capaz de ver m\u00e1s all\u00e1 de sus intereses particulares y de cooperar por el bien com\u00fan.<br \/>\u2026 capaz de reconocer y utilizar sus capacidades para alcanzar las metas que se plantea.<br \/>\u2026 deseosa de crecer y capaz de animar el cambio a su alrededor.<\/i><\/strong><\/h3>\n<h3>\u00a0<\/h3>\n<h3><strong>El escultismo busca: el desarrollo integral de la persona desde la infancia y la juventud a trav\u00e9s del m\u00e9todo scout con el compromiso de ser \u00fatiles a la sociedad en la que viven y cr\u00edticos con su entorno.<\/strong><\/h3>\n<h3>\u00a0<\/h3>\n<h3><strong>Somos una entidad privada, sin \u00e1nimo de lucro, e independiente de toda influencia pol\u00edtica y\/o religiosa.<\/strong><\/h3>\n<\/div>\n\n\n<div style=\"height:100px\" aria-hidden=\"true\" class=\"wp-block-spacer\"><\/div>\n\n\n\n<h2 style=\"font-style:italic;font-weight:700\">\u00daltimas noticias<\/h2>\n\n\n<ul class=\"wp-block-latest-posts__list is-grid columns-3 wp-block-latest-posts\"><li><div class=\"wp-block-latest-posts__featured-image aligncenter\"><a href=\"http:\/\/ascamelot.es\/index.php\/2023\/06\/20\/ultimo-dia-de-ronda\/\" aria-label=\"\u00daltimo d\u00eda de ronda\"><img width=\"845\" height=\"684\" src=\"http:\/\/ascamelot.es\/wp-content\/uploads\/2023\/06\/WhatsApp-Image-2023-06-17-at-20.53.52-845x684.jpeg\" class=\"wp-image-3936 avia-img-lazy-loading-3936 attachment-gallery size-gallery wp-post-image\" alt=\"\" loading=\"lazy\" style=\"\" srcset=\"http:\/\/ascamelot.es\/wp-content\/uploads\/2023\/06\/WhatsApp-Image-2023-06-17-at-20.53.52-845x684.jpeg 845w, http:\/\/ascamelot.es\/wp-content\/uploads\/2023\/06\/WhatsApp-Image-2023-06-17-at-20.53.52-495x400.jpeg 495w\" sizes=\"(max-width: 845px) 100vw, 845px\" \/><\/a><\/div><a class=\"wp-block-latest-posts__post-title\" href=\"http:\/\/ascamelot.es\/index.php\/2023\/06\/20\/ultimo-dia-de-ronda\/\">\u00daltimo d\u00eda de ronda<\/a><\/li>\n<li><div class=\"wp-block-latest-posts__featured-image aligncenter\"><a href=\"http:\/\/ascamelot.es\/index.php\/2023\/04\/18\/campamento-semana-santa\/\" aria-label=\"Campamento Semana Santa\"><img width=\"845\" height=\"684\" src=\"http:\/\/ascamelot.es\/wp-content\/uploads\/2023\/04\/IMG-20230405-WA0046-845x684.jpg\" class=\"wp-image-3888 avia-img-lazy-loading-3888 attachment-gallery size-gallery wp-post-image\" alt=\"\" loading=\"lazy\" style=\"\" srcset=\"http:\/\/ascamelot.es\/wp-content\/uploads\/2023\/04\/IMG-20230405-WA0046-845x684.jpg 845w, http:\/\/ascamelot.es\/wp-content\/uploads\/2023\/04\/IMG-20230405-WA0046-495x400.jpg 495w\" sizes=\"(max-width: 845px) 100vw, 845px\" \/><\/a><\/div><a class=\"wp-block-latest-posts__post-title\" href=\"http:\/\/ascamelot.es\/index.php\/2023\/04\/18\/campamento-semana-santa\/\">Campamento Semana Santa<\/a><\/li>\n<li><div class=\"wp-block-latest-posts__featured-image aligncenter\"><a href=\"http:\/\/ascamelot.es\/index.php\/2023\/02\/08\/manteo-del-pelele\/\" aria-label=\"Manteo del pelele\"><img width=\"845\" height=\"684\" src=\"http:\/\/ascamelot.es\/wp-content\/uploads\/2023\/02\/IMG-20230204-WA0021-845x684.jpg\" class=\"wp-image-3867 avia-img-lazy-loading-3867 attachment-gallery size-gallery wp-post-image\" alt=\"Pelele\" loading=\"lazy\" style=\"\" srcset=\"http:\/\/ascamelot.es\/wp-content\/uploads\/2023\/02\/IMG-20230204-WA0021-845x684.jpg 845w, http:\/\/ascamelot.es\/wp-content\/uploads\/2023\/02\/IMG-20230204-WA0021-495x400.jpg 495w\" sizes=\"(max-width: 845px) 100vw, 845px\" \/><\/a><\/div><a class=\"wp-block-latest-posts__post-title\" href=\"http:\/\/ascamelot.es\/index.php\/2023\/02\/08\/manteo-del-pelele\/\">Manteo del pelele<\/a><\/li>\n<\/ul>\n\n\n<p><\/p>\n","protected":false},"excerpt":{"rendered":"<p>\u00bfQui\u00e9nes somos? Somos una\u00a0Asociaci\u00f3n Scout cuya principal finalidad es educar en el tiempo libre. Nacemos para desarrollar nuestras actividades en el municipio de Pozuelo de Alarc\u00f3n reuni\u00e9ndose los s\u00e1bados por [&hellip;]<\/p>\n","protected":false},"author":1,"featured_media":0,"parent":0,"menu_order":0,"comment_status":"closed","ping_status":"closed","template":"","meta":{"_monsterinsights_skip_tracking":false,"_monsterinsights_sitenote_active":false,"_monsterinsights_sitenote_note":"","_monsterinsights_sitenote_category":0,"_mc_calendar":[]},"aioseo_notices":[],"_links":{"self":[{"href":"http:\/\/ascamelot.es\/index.php\/wp-json\/wp\/v2\/pages\/3246"}],"collection":[{"href":"http:\/\/ascamelot.es\/index.php\/wp-json\/wp\/v2\/pages"}],"about":[{"href":"http:\/\/ascamelot.es\/index.php\/wp-json\/wp\/v2\/types\/page"}],"author":[{"embeddable":true,"href":"http:\/\/ascamelot.es\/index.php\/wp-json\/wp\/v2\/users\/1"}],"replies":[{"embeddable":true,"href":"http:\/\/ascamelot.es\/index.php\/wp-json\/wp\/v2\/comments?post=3246"}],"version-history":[{"count":52,"href":"http:\/\/ascamelot.es\/index.php\/wp-json\/wp\/v2\/pages\/3246\/revisions"}],"predecessor-version":[{"id":3552,"href":"http:\/\/ascamelot.es\/index.php\/wp-json\/wp\/v2\/pages\/3246\/revisions\/3552"}],"wp:attachment":[{"href":"http:\/\/ascamelot.es\/index.php\/wp-json\/wp\/v2\/media?parent=3246"}],"curies":[{"name":"wp","href":"https:\/\/api.w.org\/{rel}","templated":true}]}}