{"id":15,"date":"2018-05-24T11:05:12","date_gmt":"2018-05-24T11:05:12","guid":{"rendered":"http:\/\/ascamelot.es\/wp\/?page_id=15"},"modified":"2021-09-20T20:48:25","modified_gmt":"2021-09-20T18:48:25","slug":"proyecto-educativo","status":"publish","type":"page","link":"http:\/\/ascamelot.es\/index.php\/proyecto-educativo\/","title":{"rendered":"Proyecto educativo"},"content":{"rendered":"<section class=\"av_textblock_section\">\n<div class=\"avia_textblock \">\n<article class=\"contenido\">El proyecto educativo es fruto de la puesta en com\u00fan y el consenso de todos los educadores de esta asociaci\u00f3n y fue aprobado en la asamblea ordinaria del 1 de septiembre de 2018.<\/article>\n<article><\/article>\n<article><\/article>\n<article><\/article>\n<article><\/article>\n<article class=\"contenido\"><\/article>\n<article><\/article>\n<article><\/article>\n<article><\/article>\n<article><\/article>\n<article class=\"contenido\"><\/article>\n<article><\/article>\n<article><\/article>\n<article><\/article>\n<article><\/article>\n<article><\/article>\n<article class=\"contenido\"><\/article>\n<article><\/article>\n<article><\/article>\n<article><\/article>\n<article><\/article>\n<article><\/article>\n<\/div>\n<\/section>\n<section class=\"av_textblock_section\">\n<div class=\"avia_textblock \">\n<p>En \u00e9l se sientan las bases educativas y el marco com\u00fan a todas las ramas de la asociaci\u00f3n. En la evaluaci\u00f3n que hicimos del proyecto de la ronda anterior vimos que en muchos puntos no solo hab\u00edamos alcanzado la mayor\u00eda de ellos si no que hab\u00edamos interiorizado muchos en la din\u00e1mica de la asociaci\u00f3n, estamos muy contentos por ello, pero siempre nos proponemos algo nuevo que mejorar.<\/p>\n<\/div>\n<\/section>\n<section class=\"av_textblock_section\">\n<div class=\"avia_textblock \">\n<p>Por eso, a diferencia del a\u00f1o anterior, este curso el proyecto educativo es m\u00e1s innovador y nos hemos querido centrar en otros \u00e1mbitos nuevos sin, por supuesto, abandonar los anteriores.<\/p>\n<\/div>\n<\/section>\n<section class=\"av_textblock_section\">\n<div class=\"avia_textblock \">\n<p>El proyecto para la ronda 2018-2019 es el siguiente:<\/p>\n<\/div>\n<\/section>\n","protected":false},"excerpt":{"rendered":"<p>El proyecto educativo es fruto de la puesta en com\u00fan y el consenso de todos los educadores de esta asociaci\u00f3n y fue aprobado en la asamblea ordinaria del 1 de [&hellip;]<\/p>\n","protected":false},"author":1,"featured_media":0,"parent":0,"menu_order":0,"comment_status":"closed","ping_status":"closed","template":"","meta":{"_monsterinsights_skip_tracking":false,"_monsterinsights_sitenote_active":false,"_monsterinsights_sitenote_note":"","_monsterinsights_sitenote_category":0,"_mc_calendar":[]},"aioseo_notices":[],"_links":{"self":[{"href":"http:\/\/ascamelot.es\/index.php\/wp-json\/wp\/v2\/pages\/15"}],"collection":[{"href":"http:\/\/ascamelot.es\/index.php\/wp-json\/wp\/v2\/pages"}],"about":[{"href":"http:\/\/ascamelot.es\/index.php\/wp-json\/wp\/v2\/types\/page"}],"author":[{"embeddable":true,"href":"http:\/\/ascamelot.es\/index.php\/wp-json\/wp\/v2\/users\/1"}],"replies":[{"embeddable":true,"href":"http:\/\/ascamelot.es\/index.php\/wp-json\/wp\/v2\/comments?post=15"}],"version-history":[{"count":20,"href":"http:\/\/ascamelot.es\/index.php\/wp-json\/wp\/v2\/pages\/15\/revisions"}],"predecessor-version":[{"id":1144,"href":"http:\/\/ascamelot.es\/index.php\/wp-json\/wp\/v2\/pages\/15\/revisions\/1144"}],"wp:attachment":[{"href":"http:\/\/ascamelot.es\/index.php\/wp-json\/wp\/v2\/media?parent=15"}],"curies":[{"name":"wp","href":"https:\/\/api.w.org\/{rel}","templated":true}]}}

<section class="av_textblock_section">
<div class="avia_textblock ">
<article class="contenido">El proyecto educativo es fruto de la puesta en común y el consenso de todos los educadores de esta asociación y fue aprobado en la asamblea ordinaria del 1 de septiembre de 2018.</article>
<article></article>
<article></article>
<article></article>
<article></article>
<article class="contenido"></article>
<article></article>
<article></article>
<article></article>
<article></article>
<article class="contenido"></article>
<article></article>
<article></article>
<article></article>
<article></article>
<article></article>
<article class="contenido"></article>
<article></article>
<article></article>
<article></article>
<article></article>
<article></article>
</div>
</section>
<section class="av_textblock_section">
<div class="avia_textblock ">
<p>En él se sientan las bases educativas y el marco común a todas las ramas de la asociación. En la evaluación que hicimos del proyecto de la ronda anterior vimos que en muchos puntos no solo habíamos alcanzado la mayoría de ellos si no que habíamos interiorizado muchos en la dinámica de la asociación, estamos muy contentos por ello, pero siempre nos proponemos algo nuevo que mejorar.</p>
</div>
</section>
<section class="av_textblock_section">
<div class="avia_textblock ">
<p>Por eso, a diferencia del año anterior, este curso el proyecto educativo es más innovador y nos hemos querido centrar en otros ámbitos nuevos sin, por supuesto, abandonar los anteriores.</p>
</div>
</section>
<section class="av_textblock_section">
<div class="avia_textblock ">
<p>El proyecto para la ronda 2018-2019 es el siguiente:</p>
</div>
</section>

<p>El proyecto educativo es fruto de la puesta en común y el consenso de todos los educadores de esta asociación y fue aprobado en la asamblea ordinaria del 1 de [&hellip;]</p>
